est common divisor of 14030 and 115?
115
Calculate the greatest common divisor of 34281 and 7683.
39
Calculate the highest common factor of 416 and 940342.
26
What is the highest common factor of 1701 and 30861?
243
What is the highest common factor of 11 and 19547?
11
Calculate the highest common factor of 265 and 29945.
265
Calculate the greatest common factor of 3498 and 3102.
66
Calculate the highest common factor of 14690 and 3616.
226
What is the greatest common divisor of 85 and 51085?
85
What is the greatest common divisor of 16757 and 403?
13
What is the greatest common factor of 76816 and 2?
2
Calculate the highest common factor of 102 and 11866.
34
Calculate the highest common divisor of 217 and 1036.
7
What is the highest common divisor of 154540 and 40?
20
What is the highest common factor of 29 and 297511?
29
Calculate the highest common factor of 2173 and 5141.
53
Calculate the greatest common divisor of 2008 and 2701262.
502
What is the greatest common divisor of 218776 and 368?
184
What is the highest common factor of 754 and 1040?
26
What is the greatest common divisor of 324852 and 2996?
428
What is the greatest common factor of 423 and 28858?
47
What is the greatest common factor of 32535 and 38560?
1205
What is the greatest common divisor of 368951 and 33?
11
What is the highest common factor of 2916 and 220104?
108
Calculate the highest common factor of 6072 and 368.
184
What is the highest common divisor of 78098 and 1700?
34
What is the highest common divisor of 403 and 19656?
13
Calculate the greatest common divisor of 2344821 and 3.
3
Calculate the greatest common factor of 236 and 17051.
59
What is the highest common factor of 15 and 6363?
3
Calculate the greatest common factor of 1495926 and 5904.
738
Calculate the greatest common factor of 5217 and 48729.
111
Calculate the highest common divisor of 90 and 29718.
18
Calculate the greatest common factor of 1997586 and 12.
6
What is the greatest common divisor of 1505 and 1925?
35
Calculate the highest common divisor of 5727 and 36.
3
Calculate the greatest common divisor of 60347 and 777.
259
Calculate the greatest common factor of 1372 and 288806.
686
Calculate the greatest common factor of 18 and 4034754.
18
Calculate the highest common factor of 37 and 396751.
37
What is the highest common divisor of 1587 and 34983?
69
Calculate the greatest common divisor of 3913 and 12103.
91
Calculate the greatest common divisor of 3 and 7357.
1
What is the greatest common divisor of 96 and 12201552?
48
Calculate the highest common divisor of 4012 and 1292.
68
What is the greatest common divisor of 39 and 449488?
13
What is the greatest common factor of 5809 and 74?
37
Calculate the greatest common divisor of 77809 and 6256.
391
What is the greatest common divisor of 3655197 and 18?
9
What is the highest common divisor of 504900 and 90?
90
What is the greatest common factor of 16302 and 1804?
22
Calculate the greatest common factor of 1591 and 144738.
43
What is the greatest common divisor of 218 and 64?
2
Calculate the highest common factor of 502518 and 12810.
366
What is the highest common divisor of 116 and 261928?
116
Calculate the highest common divisor of 645755 and 9950.
995
What is the greatest common divisor of 13223 and 42?
7
What is the greatest common divisor of 6452 and 84?
4
What is the greatest common divisor of 662898 and 3?
3
What is the highest common divisor of 8996 and 18684?
692
What is the greatest common divisor of 935235 and 5?
5
What is the highest common factor of 16 and 124856?
8
What is the highest common divisor of 391 and 1921?
17
Calculate the greatest common factor of 970 and 297402.
194
Calculate the greatest common factor of 303928 and 24.
8
What is the highest common divisor of 74503 and 143?
143
Calculate the greatest common factor of 196 and 45388.
28
Calculate the greatest common factor of 468 and 37661.
13
Calculate the greatest common divisor of 42968 and 164.
164
Calculate the highest common factor of 97 and 415.
1
What is the highest common divisor of 32908 and 817?
19
Calculate the greatest common divisor of 188 and 27871.
47
Calculate the highest common divisor of 46 and 260291.
23
Calculate the highest common factor of 16 and 24048.
16
Calculate the greatest common factor of 606 and 11009.
101
What is the highest common factor of 2876 and 76?
4
Calculate the highest common factor of 948456 and 16.
8
Calculate the highest common factor of 31395 and 3315.
195
Calculate the greatest common divisor of 51545 and 244.
61
Calculate the highest common divisor of 162315 and 315.
45
Calculate the greatest common factor of 103 and 17.
1
What is the greatest common factor of 48 and 177144?
24
What is the highest common factor of 6148 and 15921?
29
What is the highest common divisor of 19344 and 240?
48
Calculate the highest common factor of 14763 and 12369.
399
Calculate the greatest common divisor of 27588 and 1694.
242
Calculate the highest common factor of 42 and 181416.
6
Calculate the highest common divisor of 340 and 186728.
68
Calculate the highest common divisor of 16523 and 3224.
403
Calculate the greatest common divisor of 456 and 1893464.
152
What is the greatest common divisor of 10428 and 138408?
948
What is the greatest common divisor of 7361510 and 1105?
1105
Calculate the greatest common divisor of 214894 and 556.
278
Calculate the highest common divisor of 18 and 7324.
2
Calculate the greatest common factor of 4979 and 9386.
13
Calculate the highest common divisor of 252 and 93114.
126
Calculate the highest common factor of 86372 and 205348.
572
Calculate the greatest common divisor of 52736 and 2369.
103
What is the greatest common factor of 174 and 131080?
58
What is the highest common divisor of 137 and 3933270?
137
Calculate the highest common factor of 1065634 and 76.
38
Calculate the highest common divisor of 358 and 633839.
179
What is the highest common divisor of 1064895 and 165?
15
What is the greatest common factor of 466939 and 454?
227
Calculate the greatest common factor of 2150 and 1870.
10
Calculate the greatest common factor of 14309 and 2419.
41
What is the highest common divisor of 270860 and 3770?
290
Calculate the greatest common divisor of 380 and 280.
20
What is the highest common divisor of 4472 and 1664?
104
Calculate the highest common factor of 2 and 32758.
2
What is the greatest common divisor of 19328 and 1664?
128
What is the greatest common divisor of 105877 and 2151?
239
Calculate the highest common factor of 3195 and 16407.
9
Calculate the greatest common factor of 87438 and 3186.
354
Calculate the greatest common factor of 385 and 664790.
35
What is the highest common factor of 231628 and 79?
79
What is the highest common factor of 259789 and 71?
71
Calculate the greatest common divisor of 104 and 595400.
104
Calculate the greatest common divisor of 894014 and 66.
22
Calculate the greatest common divisor of 192 and 159.
3
What is the highest common divisor of 26400 and 5700?
300
Calculate the greatest common divisor of 966147 and 273.
273
What is the greatest common factor of 5040 and 16240?
560
What is the greatest common divisor of 16218 and 4794?
102
What is the greatest common factor of 1375 and 12265?
55
Calculate the greatest common factor of 1544836 and 7472.
1868
What is the greatest common factor of 942348 and 264?
132
What is the highest common divisor of 53677 and 91?
13
What is the highest common factor of 3024 and 6111?
63
Calculate the greatest common divisor of 1691594 and 1730.
346
Calculate the greatest common factor of 17 and 37451.
17
What is the highest common divisor of 32641 and 119?
7
What is the highest common divisor of 1554625 and 250?
125
Calculate the greatest common factor of 84790 and 2867.
61
What is the greatest common divisor of 58 and 2987261?
29
Calculate the highest common factor of 283777 and 117.
13
What is the highest common factor of 986367 and 3?
3
What is the greatest common divisor of 1286 and 64?
2
Calculate the greatest common factor of 494 and 650.
26
Calculate the highest common divisor of 6682 and 3146.
26
What is the highest common factor of 10176 and 704?
64
What is the greatest common factor of 2219 and 85273?
317
Calculate the greatest co